-3*c + 5*c = -h. Let n(r) = -r**2 - 4*r - 2. What is n(c)?
-2
Let j(g) = -g**3 + 5*g**2 + 2*g - 6. Let d be j(5). Let a be -3*(0 - 1) - 1. Let y(k) = 1 - k**3 - 2*k - 4 - 2*k**3 + 4*k**a + 2*k**3. Give y(d).
-11
Suppose x - 8 = -4*g + 1, 2*g - 3*x = -13. Let j(v) = v + 1. Let k be j(g). Let n(a) = -7*a - 1 + k*a + 2*a. Give n(3).
-10
Let w(i) = i**2 - 5*i + 5. Suppose -o - 7 = -45*h + 43*h, -3*h = o - 23. Give w(h).
11
Suppose -i - 2 = -0*i. Let w be (4 + -4)/(i/2). Let o(x) = -3*x**2 + x + 7. Let s(g) = 2*g**2 - g - 6. Let a(h) = -3*o(h) - 4*s(h). Determine a(w).
3
Let s(f) be the first derivative of -f**3/3 + 11*f**2/2 - 165. Calculate s(10).
10
Let v(k) be the first derivative of -k**2/2 + 22*k + 6. Calculate v(15).
7
Suppose 10 = 5*l, 2*x + 4*l - 6 = 2. Let g(n) = -n + 1. Let a(w) = -w + 4. Let i(s) = a(s) - 2*g(s). Give i(x).
2
Let v(j) = 5*j**2 + 9*j + 2. Let w(i) = 11*i**2 + 18*i + 3. Let b(z) = 9*v(z) - 4*w(z). Give b(-6).
-12
Let y(j) = j + 4. Let v be y(-3). Let u(n) = 93*n - 4*n**3 - n**2 - 154*n + 32*n + 29*n. Calculate u(v).
-5
Let p(z) = z - 3. Let s be 4*((-84)/16 - -2). Let l = 20 + s. Suppose 4*f - o - l = 2*f, 5*f = -5*o + 55. Calculate p(f).
3
Let c(f) = 9*f + 134. Let u be c(-15). Let k(t) = 13*t**2 + 1. Calculate k(u).
14
Let x(m) = m**3 - 6*m**2 + 3*m + 2. Let u be 3*(3 - 28/21). Calculate x(u).
-8
Let r be (-10)/4*(-12)/(-10)*-1. Suppose -2*p = r*p + 45. Let k(q) = 2*q + 13. Calculate k(p).
-5
Let q = -21 - -19. Let l(s) be the second derivative of 7*s + 3/2*s**2 + 2/3*s**3 + 1/3*s**4 + 1/20*s**5 + 0. Calculate l(q).
3
Suppose 4*d + 343 = 359. Let k(w) be the third derivative of 4*w**2 + 0*w - 1/12*w**5 + 0 - 1/120*w**6 + 1/2*w**3 + 0*w**d. Give k(-5).
3
Let b(q) = -4 - 2 - 9*q - 26*q**2 + 58*q**2 - 33*q**2. Calculate b(-7).
8
Let g = -53 + 56. Let n(w) = 8 + 5*w**2 - 8 + 5 - 3*w**g + 2*w**3. Give n(5).
5
Let j be ((-17)/(-2))/(4/8). Let w = -11 + j. Let z(c) = c**2 + c + 91*c**3 + w + 4*c**2 - 92*c**3. Determine z(5).
11
Let l(p) = -23*p - 3*p - 8 + 24*p. Give l(0).
-8
Let u(k) = k + 3. Suppose 4*t + t = -25. Let q be u(t). Let m = 3 + q. Let g(b) = -7*b - 1. Give g(m).
-8
Let d = -3 + 5. Let v(n) = 2*n + n**d + n**2 + n. Let b be (-22)/4 - 12/(168/(-35)). Give v(b).
9
Let j(g) be the first derivative of g**3/3 + 8*g**2 + 20*g - 111. Give j(-15).
5
Let k(n) = -7*n**2 + n - 38. Let h(m) = -m**2 - m - 5. Let z(o) = 6*h(o) - k(o). Calculate z(7).
8
Let w be (-36)/(-21) - 4/(-14). Suppose -2*v = -4 - 0. Let j(q) = 2*q**2 + 1 + 0*q**2 - w*q**2 - 2*q**v - 4*q**3. Give j(-1).
3
Let w = 0 - 2. Let f(z) = -3*z**2 - 4*z - 1. Let q(k) = k**2 - 1. Let m(p) = w*q(p) - f(p). Let h(a) = -4*a + 29. Let s be h(8). Calculate m(s).
0
Let v(a) = a**2 + 6*a + 7. Suppose 24 = -4*f + 7*f. Suppose g + 3*o + 18 = 0, -3*o + 8 = 2*g - f*o. Give v(g).
7
Suppose -18*o - 162 = 18. Let j(t) = -t - 11. What is j(o)?
-1
Let v(c) = -3*c + 0*c + 6*c - c. Determine v(3).
6
Suppose -4*r + 22 - 18 = 0. Let g be r/(-1) + 9/((-45)/25). Let s(d) = -d**3 - 7*d**2 - 3*d + 6. Give s(g).
-12
Suppose 5*j - 3 - 2 = 0. Let o(w) = 7*w**2 + 1. Let f(i) = -7*i**2 - 1. Let g(v) = -4*f(v) - 5*o(v). Calculate g(j).
-8
Let j(p) = 3*p**2 - 4*p - 23. Let q(z) = 7*z**2 - 6*z - 50. Let s(k) = 5*j(k) - 2*q(k). Calculate s(7).
-22
Let l be (-2)/(8/172) + 0. Let p = l + 60. Let z = 11 - p. Let d(w) = 2*w + 7. Determine d(z).
-5
Let g(o) = -6*o + 8. Let d(w) = 5*w - 8. Let q(n) = -3*d(n) - 2*g(n). Let u = 140 + -134. Give q(u).
-10
Let z(b) = 5*b - 70. Let p be 33 + -27 + 1 + 6 + 0. What is z(p)?
-5
Let i(u) = -3*u**2 - 2*u. Suppose -3*j - 35 = -8*j. Suppose -1 = 4*s + j. Calculate i(s).
-8
Let d(m) = -5*m - 4. Let i(g) = g - 6. Let z be i(3). What is d(z)?
11
Suppose -v + 1 = d - 3*v, 4*d - 56 = -5*v. Let o(x) = -x**3 + 8*x**2 + 11*x + 12. Calculate o(d).
30
Let j(m) = m**2 - 3*m + 2. Let v(w) = -w**3 + 7*w**2 - 3*w - 14. Suppose -2*h = -10*h + 48. Let b be v(h). Determine j(b).
6
Let a(n) = n**2 + 19. Let x(k) = k**3 - 3*k**2 + k + 2. Let d be x(2). What is a(d)?
19
Suppose -72*t - 46 = -26*t. Let a(h) = 4*h**2 - 4*h + 3 + 2*h - 4. Give a(t).
5
Let k(p) = p**3 - 5*p**3 + 5 - 4 + 2*p**3 - 2*p. Let w = 9 + -6. Let l(t) = t**3 - 3*t**2 + t - 2. Let x be l(w). What is k(x)?
-3
Let w(k) = k**3 - 1. Let q(g) = 2*g - 1. Let z be q(0). Let u(y) = -6*y**3 - 3*y**2 - 2*y + 5. Let c(j) = z*u(j) - 5*w(j). What is c(-3)?
-6
Let q(b) = 11*b**2 + b + 0*b - 13*b**2. Let p(y) = y**3 - 7*y**2 + 7*y - 8. Let i(f) = -f**3 + 9*f**2 - 6*f - 10. Let l be i(8). Let d be p(l). Calculate q(d).
-10
Let f(d) = 11*d - 4. Let w(k) = 3. Let h(c) = f(c) + 2*w(c). What is h(-4)?
-42
Suppose -6*l + 10*l = 20. Suppose 0 = -o - 2*o - 4*z + 18, -21 = -3*o - l*z. Let j(q) = -5*q + 0*q + 3*q - q**o + q. Calculate j(-3).
-6
Suppose -12*d + 56 = -4*d. Let r(p) = 2 + d - p + 9 - 12. Give r(6).
0
Let r(j) = 2*j - 10 - 8 + 20. Determine r(-5).
-8
Suppose -29*k + 20*k = -45. Let j(g) = g**3 - 3*g**2 - 6*g + 6. Give j(k).
26
Let a(b) = b**3 + 8*b**2 + 8*b + 10. Let i be (-374)/55 + (-2)/10. Let t be a(i). Let s(c) = c**2 - 3*c - 1. Give s(t).
-1
Let x(c) = -c + 2. Let a be (-12 - -7 - -7) + 2. Let b(w) = w**3 + 4*w**2 + 2*w + 3. Let y be b(-3). Suppose z + 5*l = 9, -a*l - y = 2*z - 2*l. Give x(z).
8
Let i(k) be the second derivative of -11*k**5/10 + k**4/3 - k**3/2 + 130*k - 2. Calculate i(1).
-21
Suppose 3*v = 3*i + 11 + 7, 2*v = -5*i + 12. Let j(f) = -3 + f**2 - 4*f + 2*f - f. What is j(v)?
15
Let a(c) = 4*c**2 + c**3 - 1 - c - 3*c**2 - c. Let n be (-4)/(-26) - 10/65. Let g be a(n). Let f(v) = 6*v. Determine f(g).
-6
Let f(g) = -2*g**3 + 5*g - 3*g**2 + 5 - 3*g**3 + 4*g**3. Let h be (-831)/33 + (-4)/(-22). Let v = h + 21. Give f(v).
1
Let z(b) = -12*b + 4. Let k(c) = 4*c**3 - 18*c**2 + 11*c - 8. Let s be k(4). Give z(s).
-44
Let a(o) be the first derivative of 14*o + 11 + 1/2*o**2. What is a(0)?
14
Let j(q) = q**2 + 27*q + 137. Let l be j(-21). Let m(x) = -x + 22. What is m(l)?
11
Suppose -5*f - 1 = 2*g, 3*g + 3*f - 4 = -1. Let h(r) = -3*r - 3. Let u be h(-2). Let i(j) = -8*j + 6*j + j**g + 0 + j**u - 4. What is i(-3)?
-16
Suppose 96 = -88*q - 784. Let z(o) = o**3 + 9*o**2 - 9*o. Calculate z(q).
-10
Let j(l) be the first derivative of -l**4/4 + 5*l**3/3 - l**2/2 + 1. Let i be (-368)/(-20) + 2/(-5). Suppose -i = -4*r + 2. Determine j(r).
-5
Let r(h) = 14*h**3 - h**2 + h - 5. Let n(d) = 759*d - d**3 + 30*d**3 - 14 + 12*d**3 - 3*d**2 - 756*d. Let l(o) = 4*n(o) - 11*r(o). Give l(1).
9
Let o(i) be the third derivative of -i**5/30 + i**4/8 + 2*i**2. Suppose -2*a - b = 0, -18*b + 16*b - 5 = 3. Calculate o(a).
-2
Suppose 5*g + 40 = -2*h, g + 0*g + 8 = h. Let d be 6/g + 9/(-4). Let l(c) = c**3 + c**2 - 2*c - 4. Give l(d).
-16
Let h(n) be the third derivative of n**6/120 - 4*n**5/15 + 2*n**4/3 - 3*n**3/2 + 25*n**2. Determine h(15).
6
Let w(r) = 119*r**2 - 5 + 110*r**2 - 228*r**2. What is w(0)?
-5
Let g(j) = 6 - 1 - 3 - 2*j. Let a(i) = -5*i**2 - 12*i - 9. Let l(n) = 14*n**2 + 35*n + 26. Let s(z) = -17*a(z) - 6*l(z). Let t be s(7). What is g(t)?
-6
Let n(i) = 19*i**2 + i - 1. Let x(g) = -5*g**2 - g. Let j(z) = n(z) + 4*x(z). What is j(-4)?
-5
Let u be 0/(3/9 - 4/3). Suppose -21*k + 21 = -u. Let f(r) = 3*r**3 - 2*r**2 + 2*r - 1. Give f(k).
2
Let g(d) be the second derivative of -d**5/20 + 3*d**4/4 - 4*d**3/3 + 7*d**2/2 - 221*d. What is g(8)?
7
Let s(z) = 5*z**2 + 8*z - 4. Let i be 2 + 44/(-20) - 29/5. Let y(u) = -5*u**2 - 7*u + 3. Let a(n) = i*y(n) - 5*s(n). Give a(-2).
18
Let p = 2 - 7. Suppose -2*j - 3*t = t + 16, -4*j + 13 = -t. Let d(i) = 2*i + 4 - 16*i**2 - 4*i - 2*i + 15*i**j. Determine d(p).
-1
Suppose -10 = 2*m, 5*k - 30 = 4*m + 5. Let p(u) be the first derivative of 2*u**2 - 5 + 1/3*u**k - 6*u. Calculate p(-5).
-1
Let d = 2712 - 673. Let g(w) = w**2 + d - 2*w**2 - 2046. Give g(0).
-7
Suppose -6 = -4*q + 22. Let j = 9 - q. Let g(o) = 2*o + o**2 + 23 - 23 + o**j. What is g(2)?
12
Let b(t) = -57*t**3 + 6*t**2 + 58*t**3 - 12 - 5*t + 10. Determine b(-7).
-16
Let l(o) be the third derivative of 0 + 1/8*o**4 + 0*o + 1/6*o**3 + 27*o**2. Determine l(4).
13
Let c = -88 + 91. Suppose -3*n + 3 = 3*k - 0*n, c*n = 15. Let h(m) = -3*m - 4. Determine h(k).
8
Let p be (-5)/(-20) - 30/(-8). Suppose -h - 3 = -2*q - 1, 2*h - 2 = q. Let w(a) =